{"id":1825,"date":"2025-03-11T06:49:57","date_gmt":"2025-03-11T06:49:57","guid":{"rendered":"https:\/\/radostprovsechny.cz\/?page_id=1825"},"modified":"2025-03-11T07:13:35","modified_gmt":"2025-03-11T07:13:35","slug":"karneval-22-1-2017","status":"publish","type":"page","link":"https:\/\/radostprovsechny.cz\/?page_id=1825","title":{"rendered":"Karneval 22.1.2017"},"content":{"rendered":"ngg_shortcode_0_placeholder\n<h3>Souvisej\u00edc\u00ed obr\u00e1zky:<\/h3>","protected":false},"excerpt":{"rendered":"<p>Souvisej\u00edc\u00ed obr\u00e1zky:<\/p>\n","protected":false},"author":1,"featured_media":1831,"parent":576,"menu_order":0,"comment_status":"closed","ping_status":"closed","template":"","meta":{"ngg_post_thumbnail":395,"footnotes":""},"class_list":["post-1825","page","type-page","status-publish","has-post-thumbnail","hentry"],"_links":{"self":[{"href":"https:\/\/radostprovsechny.cz\/index.php?rest_route=\/wp\/v2\/pages\/1825","targetHints":{"allow":["GET"]}}],"collection":[{"href":"https:\/\/radostprovsechny.cz\/index.php?rest_route=\/wp\/v2\/pages"}],"about":[{"href":"https:\/\/radostprovsechny.cz\/index.php?rest_route=\/wp\/v2\/types\/page"}],"author":[{"embeddable":true,"href":"https:\/\/radostprovsechny.cz\/index.php?rest_route=\/wp\/v2\/users\/1"}],"replies":[{"embeddable":true,"href":"https:\/\/radostprovsechny.cz\/index.php?rest_route=%2Fwp%2Fv2%2Fcomments&post=1825"}],"version-history":[{"count":2,"href":"https:\/\/radostprovsechny.cz\/index.php?rest_route=\/wp\/v2\/pages\/1825\/revisions"}],"predecessor-version":[{"id":1832,"href":"https:\/\/radostprovsechny.cz\/index.php?rest_route=\/wp\/v2\/pages\/1825\/revisions\/1832"}],"up":[{"embeddable":true,"href":"https:\/\/radostprovsechny.cz\/index.php?rest_route=\/wp\/v2\/pages\/576"}],"wp:featuredmedia":[{"embeddable":true,"href":"https:\/\/radostprovsechny.cz\/index.php?rest_route=\/wp\/v2\/media\/1831"}],"wp:attachment":[{"href":"https:\/\/radostprovsechny.cz\/index.php?rest_route=%2Fwp%2Fv2%2Fmedia&parent=1825"}],"curies":[{"name":"wp","href":"https:\/\/api.w.org\/{rel}","templated":true}]}}