{"id":438,"date":"2019-06-12T19:46:50","date_gmt":"2019-06-12T19:46:50","guid":{"rendered":"http:\/\/radostprovsechny.cz\/?page_id=438"},"modified":"2025-06-03T16:25:33","modified_gmt":"2025-06-03T16:25:33","slug":"nova-akce","status":"publish","type":"page","link":"https:\/\/radostprovsechny.cz\/","title":{"rendered":"Aktuality"},"content":{"rendered":"<div class=\"wp-block-image is-resized\">\n<figure class=\"aligncenter\"><img loading=\"lazy\" decoding=\"async\" width=\"108\" height=\"85\" src=\"http:\/\/radostprovsechny.cz\/wp-content\/uploads\/2019\/06\/logo.jpg\" alt=\"\" class=\"wp-image-34\" style=\"width:174px;height:auto\"\/><\/figure><\/div>\n\n\n<h1 class=\"wp-block-heading has-text-align-center has-text-color has-link-color wp-elements-32a0944f3563957ecb8e90eaadb498de\" style=\"color:#a40505\">RADOST PRO V\u0160ECHNY<\/h1>\n\n\n\n<p class=\"has-text-align-center has-text-color has-link-color wp-elements-bf8363fec4c5ab738e84fc5d568fe139\" style=\"color:#940909\">P\u0158EJE P\u011aKN\u00dd DEN <\/p>\n\n\n\n<hr class=\"wp-block-separator has-css-opacity is-style-wide\"\/>\n\n\n\n<hr class=\"wp-block-separator has-alpha-channel-opacity\"\/>\n\n\n\n<p class=\"has-text-align-center has-medium-font-size\"><\/p>\n<h3>Souvisej\u00edc\u00ed obr\u00e1zky:<\/h3>","protected":false},"excerpt":{"rendered":"<p>RADOST PRO V\u0160ECHNY P\u0158EJE P\u011aKN\u00dd DEN Souvisej\u00edc\u00ed obr\u00e1zky:<\/p>\n","protected":false},"author":1,"featured_media":0,"parent":0,"menu_order":0,"comment_status":"closed","ping_status":"closed","template":"","meta":{"ngg_post_thumbnail":0,"footnotes":""},"class_list":["post-438","page","type-page","status-publish","hentry"],"_links":{"self":[{"href":"https:\/\/radostprovsechny.cz\/index.php?rest_route=\/wp\/v2\/pages\/438","targetHints":{"allow":["GET"]}}],"collection":[{"href":"https:\/\/radostprovsechny.cz\/index.php?rest_route=\/wp\/v2\/pages"}],"about":[{"href":"https:\/\/radostprovsechny.cz\/index.php?rest_route=\/wp\/v2\/types\/page"}],"author":[{"embeddable":true,"href":"https:\/\/radostprovsechny.cz\/index.php?rest_route=\/wp\/v2\/users\/1"}],"replies":[{"embeddable":true,"href":"https:\/\/radostprovsechny.cz\/index.php?rest_route=%2Fwp%2Fv2%2Fcomments&post=438"}],"version-history":[{"count":151,"href":"https:\/\/radostprovsechny.cz\/index.php?rest_route=\/wp\/v2\/pages\/438\/revisions"}],"predecessor-version":[{"id":2306,"href":"https:\/\/radostprovsechny.cz\/index.php?rest_route=\/wp\/v2\/pages\/438\/revisions\/2306"}],"wp:attachment":[{"href":"https:\/\/radostprovsechny.cz\/index.php?rest_route=%2Fwp%2Fv2%2Fmedia&parent=438"}],"curies":[{"name":"wp","href":"https:\/\/api.w.org\/{rel}","templated":true}]}}